{"id":118,"date":"2019-02-13T15:01:01","date_gmt":"2019-02-13T17:01:01","guid":{"rendered":"http:\/\/www.simposioaorta.com.br\/edicao2019\/?page_id=118"},"modified":"2019-02-28T10:20:08","modified_gmt":"2019-02-28T13:20:08","slug":"comissoes","status":"publish","type":"page","link":"https:\/\/www.simposioaorta.com.br\/edicao2019\/comissoes\/","title":{"rendered":"Comiss\u00f5es"},"content":{"rendered":"\n<table class=\"tabela\" width=\"100%\" border=\"0\" cellpadding=\"0\" cellspacing=\"0\" align=\"left\">\n<h2><strong>COMISS\u00c3O ORGANIZADORA<\/strong><\/h2>\n&nbsp;\n\t\t<div class=\"comissao-box\">\n   \t    \t<img decoding=\"async\" src=\"http:\/\/www.simposioaorta.com.br\/edicao2019\/wp-content\/uploads\/2019\/02\/comissao_razuk.jpg\" alt=\"\"><br>\n\u00c1lvaro Razuk &#8211; SP\n   \t    \t<\/div>\n\t\t<div class=\"comissao-box\">\n   \t    \t<img decoding=\"async\" src=\"http:\/\/www.simposioaorta.com.br\/edicao2019\/wp-content\/uploads\/2019\/02\/comissao_abath.jpg\" alt=\"\"><br>\nCarlos Abath &#8211; PE\n   \t    \t<\/div>\n\t\t<div class=\"comissao-box\">\n   \t    \t<img decoding=\"async\" src=\"http:\/\/www.simposioaorta.com.br\/edicao2019\/wp-content\/uploads\/2019\/02\/comissao_saadi.jpg\" alt=\"\"><br>\nEduardo Saadi &#8211; RS\n   \t    \t<\/div>\n\t\t<div class=\"comissao-box\">\n   \t    \t<img decoding=\"async\" src=\"http:\/\/www.simposioaorta.com.br\/edicao2019\/wp-content\/uploads\/2019\/02\/convidado_oderich.jpg\" alt=\"\"><br>\nGustavo Oderich &#8211; EUA\n   \t    \t<\/div>\n\t\t<div class=\"comissao-box\">\n   \t    \t<img decoding=\"async\" src=\"http:\/\/www.simposioaorta.com.br\/edicao2019\/wp-content\/uploads\/2019\/02\/comissao_ferreira.jpg\" alt=\"\"><br>\nMarcelo Ferreira &#8211; RJ\n   \t    \t<\/div>\n<\/table><br>\n<table class=\"tabela\" width=\"100%\" border=\"0\" cellpadding=\"0\" cellspacing=\"0\" align=\"left\">\n  <tbody>\n    <tr>\n      <td><h2><strong>COMISS\u00c3O CIENT\u00cdFICA<\/strong><\/h2>\n<p>\u00c1lvaro Razuk<br>Carlos Abath<br>Eduardo Saadi<br>Gustavo Oderich<br>Jong Hun Park<br>Marcelo Ferreira<br>Walter Karakhanian<\/p><\/td>\n    <\/tr>\n  <\/tbody>\n<\/table>\n","protected":false},"excerpt":{"rendered":"<p>COMISS\u00c3O ORGANIZADORA &nbsp; \u00c1lvaro Razuk &#8211; SP Carlos Abath &#8211; PE Eduardo Saadi &#8211; RS Gustavo Oderich &#8211; EUA Marcelo Ferreira &#8211; RJ COMISS\u00c3O CIENT\u00cdFICA \u00c1lvaro RazukCarlos AbathEduardo SaadiGustavo OderichJong Hun ParkMarcelo FerreiraWalter Karakhanian<\/p>\n","protected":false},"author":1,"featured_media":0,"parent":0,"menu_order":0,"comment_status":"closed","ping_status":"closed","template":"page-templates\/full-width.php","meta":{"footnotes":""},"_links":{"self":[{"href":"https:\/\/www.simposioaorta.com.br\/edicao2019\/wp-json\/wp\/v2\/pages\/118"}],"collection":[{"href":"https:\/\/www.simposioaorta.com.br\/edicao2019\/wp-json\/wp\/v2\/pages"}],"about":[{"href":"https:\/\/www.simposioaorta.com.br\/edicao2019\/wp-json\/wp\/v2\/types\/page"}],"author":[{"embeddable":true,"href":"https:\/\/www.simposioaorta.com.br\/edicao2019\/wp-json\/wp\/v2\/users\/1"}],"replies":[{"embeddable":true,"href":"https:\/\/www.simposioaorta.com.br\/edicao2019\/wp-json\/wp\/v2\/comments?post=118"}],"version-history":[{"count":26,"href":"https:\/\/www.simposioaorta.com.br\/edicao2019\/wp-json\/wp\/v2\/pages\/118\/revisions"}],"predecessor-version":[{"id":431,"href":"https:\/\/www.simposioaorta.com.br\/edicao2019\/wp-json\/wp\/v2\/pages\/118\/revisions\/431"}],"wp:attachment":[{"href":"https:\/\/www.simposioaorta.com.br\/edicao2019\/wp-json\/wp\/v2\/media?parent=118"}],"curies":[{"name":"wp","href":"https:\/\/api.w.org\/{rel}","templated":true}]}}

Comissões

<table class="tabela" width="100%" border="0" cellpadding="0" cellspacing="0" align="left">
<h2><strong>COMISSÃO ORGANIZADORA</strong></h2>
&nbsp;
		<div class="comissao-box">
   	    	<img decoding="async" src="http://www.simposioaorta.com.br/edicao2019/wp-content/uploads/2019/02/comissao_razuk.jpg" alt=""><br>
Álvaro Razuk &#8211; SP
   	    	</div>
		<div class="comissao-box">
   	    	<img decoding="async" src="http://www.simposioaorta.com.br/edicao2019/wp-content/uploads/2019/02/comissao_abath.jpg" alt=""><br>
Carlos Abath &#8211; PE
   	    	</div>
		<div class="comissao-box">
   	    	<img decoding="async" src="http://www.simposioaorta.com.br/edicao2019/wp-content/uploads/2019/02/comissao_saadi.jpg" alt=""><br>
Eduardo Saadi &#8211; RS
   	    	</div>
		<div class="comissao-box">
   	    	<img decoding="async" src="http://www.simposioaorta.com.br/edicao2019/wp-content/uploads/2019/02/convidado_oderich.jpg" alt=""><br>
Gustavo Oderich &#8211; EUA
   	    	</div>
		<div class="comissao-box">
   	    	<img decoding="async" src="http://www.simposioaorta.com.br/edicao2019/wp-content/uploads/2019/02/comissao_ferreira.jpg" alt=""><br>
Marcelo Ferreira &#8211; RJ
   	    	</div>
</table><br>
<table class="tabela" width="100%" border="0" cellpadding="0" cellspacing="0" align="left">
  <tbody>
    <tr>
      <td><h2><strong>COMISSÃO CIENTÍFICA</strong></h2>
<p>Álvaro Razuk<br>Carlos Abath<br>Eduardo Saadi<br>Gustavo Oderich<br>Jong Hun Park<br>Marcelo Ferreira<br>Walter Karakhanian</p></td>
    </tr>
  </tbody>
</table>

<p>COMISSÃO ORGANIZADORA &nbsp; Álvaro Razuk &#8211; SP Carlos Abath &#8211; PE Eduardo Saadi &#8211; RS Gustavo Oderich &#8211; EUA Marcelo Ferreira &#8211; RJ COMISSÃO CIENTÍFICA Álvaro RazukCarlos AbathEduardo SaadiGustavo OderichJong Hun ParkMarcelo FerreiraWalter Karakhanian</p>
